{"id":231,"date":"2026-03-01T20:50:44","date_gmt":"2026-03-02T01:50:44","guid":{"rendered":"https:\/\/web.hilo.org.pe\/?page_id=231"},"modified":"2026-03-10T20:09:25","modified_gmt":"2026-03-11T01:09:25","slug":"publicaciones","status":"publish","type":"page","link":"https:\/\/web.hilo.org.pe\/index.php\/publicaciones\/","title":{"rendered":"Publicaciones"},"content":{"rendered":"\t\t<div data-elementor-type=\"wp-page\" data-elementor-id=\"231\" class=\"elementor elementor-231\">\n\t\t\t\t<div class=\"elementor-element elementor-element-e36932d e-flex e-con-boxed e-con e-parent\" data-id=\"e36932d\" data-element_type=\"container\" data-e-type=\"container\" data-settings=\"{&quot;background_background&quot;:&quot;classic&quot;}\">\n\t\t\t\t\t<div class=\"e-con-inner\">\n\t\t\t\t<div class=\"elementor-element elementor-element-60a131e elementor-widget elementor-widget-heading\" data-id=\"60a131e\" data-element_type=\"widget\" data-e-type=\"widget\" data-widget_type=\"heading.default\">\n\t\t\t\t\t<h2 class=\"elementor-heading-title elementor-size-default\">PUBLICACIONES<\/h2>\t\t\t\t<\/div>\n\t\t\t\t\t<\/div>\n\t\t\t\t<\/div>\n\t\t<div class=\"elementor-element elementor-element-4e76cc9 e-flex e-con-boxed e-con e-parent\" data-id=\"4e76cc9\" data-element_type=\"container\" data-e-type=\"container\">\n\t\t\t\t\t<div class=\"e-con-inner\">\n\t\t\t\t<div class=\"elementor-element elementor-element-fabb490 elementor-grid-eael-col-4 elementor-grid-tablet-eael-col-2 elementor-grid-mobile-eael-col-1 elementor-widget elementor-widget-eael-post-grid\" data-id=\"fabb490\" data-element_type=\"widget\" data-e-type=\"widget\" data-settings=\"{&quot;eael_post_grid_columns&quot;:&quot;eael-col-4&quot;,&quot;eael_post_grid_columns_tablet&quot;:&quot;eael-col-2&quot;,&quot;eael_post_grid_columns_mobile&quot;:&quot;eael-col-1&quot;}\" data-widget_type=\"eael-post-grid.default\">\n\t\t\t\t\t<div id=\"eael-post-grid-fabb490\" class=\"eael-post-grid-container\">\n            <div class=\"eael-post-grid eael-post-appender eael-post-appender-fabb490 eael-post-grid-style-two\" data-layout-mode=\"grid\"><article class=\"eael-grid-post  eael-post-grid-column eael-pg-post-1227 category-noticias-publicaciones\" data-id=\"1227\">\n    <div class=\"eael-grid-post-holder\">\n        <div class=\"eael-grid-post-holder-inner\"><div class=\"eael-entry-media\"><div class=\"eael-entry-overlay fade-in\"><i class=\"fas fa-file-pdf\" aria-hidden=\"true\"><\/i><a href=\"https:\/\/web.hilo.org.pe\/index.php\/2021\/11\/11\/v-jornada-mundial-de-los-pobres\/\"target=\"_blank\"><\/a><\/div><div class=\"eael-entry-thumbnail \">\n                            <img fetchpriority=\"high\" decoding=\"async\" width=\"216\" height=\"300\" src=\"https:\/\/web.hilo.org.pe\/wp-content\/uploads\/v_jornada.jpg\" class=\"attachment-medium size-medium wp-image-1229\" alt=\"\" \/>\n                            <\/div>\n                    <\/div><div class=\"eael-entry-wrapper\"><header class=\"eael-entry-header\"><h4 class=\"eael-entry-title\"><a class=\"eael-grid-post-link\" href=\"https:\/\/web.hilo.org.pe\/index.php\/2021\/11\/11\/v-jornada-mundial-de-los-pobres\/\" title=\"V JORNADA MUNDIAL DE LOS POBRES\">V JORNADA MUNDIAL DE LOS POBRES<\/a><\/h4><\/header><div class=\"eael-entry-content\">\n                                <div class=\"eael-grid-post-excerpt\"><p>\u201cA los pobres los tienen siempre con ustedes\u201d (Mc 14, 7) Este material de reflexi\u00f3n que comparte el mensaje del Papa Francisco esperamos sea de su ayuda, no solo para enriquecer la biblioteca sino para...<\/p><a href=\"https:\/\/web.hilo.org.pe\/index.php\/2021\/11\/11\/v-jornada-mundial-de-los-pobres\/\" class=\"eael-post-elements-readmore-btn\">ABRIR DOCUMENTO<\/a><\/div>\n                            <\/div><div class=\"eael-entry-header-after style-two\"><div class=\"eael-entry-meta\"><span class=\"eael-meta-posted-on\"><i class=\"far fa-clock\"><\/i><time datetime=\"11 de noviembre de 2021\">11 de noviembre de 2021<\/time><\/span><\/div><\/div><\/div><\/div>\n    <\/div>\n<\/article><article class=\"eael-grid-post  eael-post-grid-column eael-pg-post-1230 category-noticias-publicaciones\" data-id=\"1230\">\n    <div class=\"eael-grid-post-holder\">\n        <div class=\"eael-grid-post-holder-inner\"><div class=\"eael-entry-media\"><div class=\"eael-entry-overlay fade-in\"><i class=\"fas fa-file-pdf\" aria-hidden=\"true\"><\/i><a href=\"https:\/\/web.hilo.org.pe\/index.php\/2021\/09\/30\/la-escucha-en-la-1a-asamblea-eclesial-para-america-latina-y-el-caribe\/\"target=\"_blank\"><\/a><\/div><div class=\"eael-entry-thumbnail \">\n                            <img decoding=\"async\" width=\"212\" height=\"300\" src=\"https:\/\/web.hilo.org.pe\/wp-content\/uploads\/asamblea-212x300.png\" class=\"attachment-medium size-medium wp-image-1232\" alt=\"\" srcset=\"https:\/\/web.hilo.org.pe\/wp-content\/uploads\/asamblea-212x300.png 212w, https:\/\/web.hilo.org.pe\/wp-content\/uploads\/asamblea-724x1024.png 724w, https:\/\/web.hilo.org.pe\/wp-content\/uploads\/asamblea-768x1086.png 768w, https:\/\/web.hilo.org.pe\/wp-content\/uploads\/asamblea-1086x1536.png 1086w, https:\/\/web.hilo.org.pe\/wp-content\/uploads\/asamblea.png 1140w\" sizes=\"(max-width: 212px) 100vw, 212px\" \/>\n                            <\/div>\n                    <\/div><div class=\"eael-entry-wrapper\"><header class=\"eael-entry-header\"><h4 class=\"eael-entry-title\"><a class=\"eael-grid-post-link\" href=\"https:\/\/web.hilo.org.pe\/index.php\/2021\/09\/30\/la-escucha-en-la-1a-asamblea-eclesial-para-america-latina-y-el-caribe\/\" title=\"LA ESCUCHA EN LA 1A  ASAMBLEA ECLESIAL PARA AM\u00c9RICA LATINA Y EL CARIBE\">LA ESCUCHA EN LA 1A  ASAMBLEA ECLESIAL PARA AM\u00c9RICA LATINA Y EL CARIBE<\/a><\/h4><\/header><div class=\"eael-entry-content\">\n                                <div class=\"eael-grid-post-excerpt\"><p>La Iglesia en Am\u00e9rica Latina y el Caribe se ha puesto en genuina actitud de escucha, con la convicci\u00f3n de que en este \u201ckair\u00f3s\u201d, que es el tiempo propicio de Dios, estamos llamados a escuchar...<\/p><a href=\"https:\/\/web.hilo.org.pe\/index.php\/2021\/09\/30\/la-escucha-en-la-1a-asamblea-eclesial-para-america-latina-y-el-caribe\/\" class=\"eael-post-elements-readmore-btn\">ABRIR DOCUMENTO<\/a><\/div>\n                            <\/div><div class=\"eael-entry-header-after style-two\"><div class=\"eael-entry-meta\"><span class=\"eael-meta-posted-on\"><i class=\"far fa-clock\"><\/i><time datetime=\"30 de septiembre de 2021\">30 de septiembre de 2021<\/time><\/span><\/div><\/div><\/div><\/div>\n    <\/div>\n<\/article><article class=\"eael-grid-post  eael-post-grid-column eael-pg-post-1233 category-noticias-publicaciones\" data-id=\"1233\">\n    <div class=\"eael-grid-post-holder\">\n        <div class=\"eael-grid-post-holder-inner\"><div class=\"eael-entry-media\"><div class=\"eael-entry-overlay fade-in\"><i class=\"fas fa-file-pdf\" aria-hidden=\"true\"><\/i><a href=\"https:\/\/web.hilo.org.pe\/index.php\/2021\/04\/13\/hacinamiento-penitenciario-informe-sobre-el-impacto-de-las-normas-promulgadas-por-el-gobierno\/\"target=\"_blank\"><\/a><\/div><div class=\"eael-entry-thumbnail \">\n                            <img decoding=\"async\" width=\"213\" height=\"300\" src=\"https:\/\/web.hilo.org.pe\/wp-content\/uploads\/0000000_hacinamiento-1-213x300.png\" class=\"attachment-medium size-medium wp-image-1085\" alt=\"\" srcset=\"https:\/\/web.hilo.org.pe\/wp-content\/uploads\/0000000_hacinamiento-1-213x300.png 213w, https:\/\/web.hilo.org.pe\/wp-content\/uploads\/0000000_hacinamiento-1.png 423w\" sizes=\"(max-width: 213px) 100vw, 213px\" \/>\n                            <\/div>\n                    <\/div><div class=\"eael-entry-wrapper\"><header class=\"eael-entry-header\"><h4 class=\"eael-entry-title\"><a class=\"eael-grid-post-link\" href=\"https:\/\/web.hilo.org.pe\/index.php\/2021\/04\/13\/hacinamiento-penitenciario-informe-sobre-el-impacto-de-las-normas-promulgadas-por-el-gobierno\/\" title=\"HACINAMIENTO PENITENCIARIO: INFORME SOBRE EL IMPACTO DE LAS NORMAS PROMULGADAS POR EL GOBIERNO\">HACINAMIENTO PENITENCIARIO: INFORME SOBRE EL IMPACTO DE LAS NORMAS PROMULGADAS POR EL GOBIERNO<\/a><\/h4><\/header><div class=\"eael-entry-content\">\n                                <div class=\"eael-grid-post-excerpt\"><p>El mundo de la c\u00e1rcel, en general, no es bien visto por la gran mayor\u00eda, casi nadie quiere reconocer a las personas encarceladas como parte de nuestra sociedad, co-ciudadanos\/as que tienen igual dignidad que cualquier...<\/p><a href=\"https:\/\/web.hilo.org.pe\/index.php\/2021\/04\/13\/hacinamiento-penitenciario-informe-sobre-el-impacto-de-las-normas-promulgadas-por-el-gobierno\/\" class=\"eael-post-elements-readmore-btn\">ABRIR DOCUMENTO<\/a><\/div>\n                            <\/div><div class=\"eael-entry-header-after style-two\"><div class=\"eael-entry-meta\"><span class=\"eael-meta-posted-on\"><i class=\"far fa-clock\"><\/i><time datetime=\"13 de abril de 2021\">13 de abril de 2021<\/time><\/span><\/div><\/div><\/div><\/div>\n    <\/div>\n<\/article><article class=\"eael-grid-post  eael-post-grid-column eael-pg-post-1235 category-noticias-publicaciones\" data-id=\"1235\">\n    <div class=\"eael-grid-post-holder\">\n        <div class=\"eael-grid-post-holder-inner\"><div class=\"eael-entry-media\"><div class=\"eael-entry-overlay fade-in\"><i class=\"fas fa-file-pdf\" aria-hidden=\"true\"><\/i><a href=\"https:\/\/web.hilo.org.pe\/index.php\/2021\/03\/03\/memoria-2020-ciclo-de-conferencias-sobre-el-compendio-de-la-doctrina-social-de-la-iglesia\/\"target=\"_blank\"><\/a><\/div><div class=\"eael-entry-thumbnail \">\n                            <img loading=\"lazy\" decoding=\"async\" width=\"120\" height=\"171\" src=\"https:\/\/web.hilo.org.pe\/wp-content\/uploads\/0000063_caratula_memoria_web-1.jpg\" class=\"attachment-medium size-medium wp-image-1021\" alt=\"\" \/>\n                            <\/div>\n                    <\/div><div class=\"eael-entry-wrapper\"><header class=\"eael-entry-header\"><h4 class=\"eael-entry-title\"><a class=\"eael-grid-post-link\" href=\"https:\/\/web.hilo.org.pe\/index.php\/2021\/03\/03\/memoria-2020-ciclo-de-conferencias-sobre-el-compendio-de-la-doctrina-social-de-la-iglesia\/\" title=\"MEMORIA 2020: CICLO DE CONFERENCIAS  \u201cSOBRE EL COMPENDIO DE LA  DOCTRINA SOCIAL DE LA IGLESIA\u201d\">MEMORIA 2020: CICLO DE CONFERENCIAS  \u201cSOBRE EL COMPENDIO DE LA  DOCTRINA SOCIAL DE LA IGLESIA\u201d<\/a><\/h4><\/header><div class=\"eael-entry-content\">\n                                <div class=\"eael-grid-post-excerpt\"><p>El Compendio de la Doctrina Social de la Iglesia (DSI) fue publicado en el 2004. Re\u00fane la visi\u00f3n social de la Iglesia Cat\u00f3lica, un esfuerzo para vivir y divulgar la Palabra del Se\u00f1or y actuar...<\/p><a href=\"https:\/\/web.hilo.org.pe\/index.php\/2021\/03\/03\/memoria-2020-ciclo-de-conferencias-sobre-el-compendio-de-la-doctrina-social-de-la-iglesia\/\" class=\"eael-post-elements-readmore-btn\">ABRIR DOCUMENTO<\/a><\/div>\n                            <\/div><div class=\"eael-entry-header-after style-two\"><div class=\"eael-entry-meta\"><span class=\"eael-meta-posted-on\"><i class=\"far fa-clock\"><\/i><time datetime=\"3 de marzo de 2021\">3 de marzo de 2021<\/time><\/span><\/div><\/div><\/div><\/div>\n    <\/div>\n<\/article><article class=\"eael-grid-post  eael-post-grid-column eael-pg-post-1238 category-noticias-publicaciones\" data-id=\"1238\">\n    <div class=\"eael-grid-post-holder\">\n        <div class=\"eael-grid-post-holder-inner\"><div class=\"eael-entry-media\"><div class=\"eael-entry-overlay fade-in\"><i class=\"fas fa-file-pdf\" aria-hidden=\"true\"><\/i><a href=\"https:\/\/web.hilo.org.pe\/index.php\/2021\/02\/15\/criterios-eticos-para-elegir-mejor-a-nuestras-autoridades-politicas-desde-una-cultura-del-cuidado\/\"target=\"_blank\"><\/a><\/div><div class=\"eael-entry-thumbnail \">\n                            <img loading=\"lazy\" decoding=\"async\" width=\"212\" height=\"300\" src=\"https:\/\/web.hilo.org.pe\/wp-content\/uploads\/citerios-2021-212x300.png\" class=\"attachment-medium size-medium wp-image-1240\" alt=\"\" srcset=\"https:\/\/web.hilo.org.pe\/wp-content\/uploads\/citerios-2021-212x300.png 212w, https:\/\/web.hilo.org.pe\/wp-content\/uploads\/citerios-2021-725x1024.png 725w, https:\/\/web.hilo.org.pe\/wp-content\/uploads\/citerios-2021-768x1085.png 768w, https:\/\/web.hilo.org.pe\/wp-content\/uploads\/citerios-2021-1087x1536.png 1087w, https:\/\/web.hilo.org.pe\/wp-content\/uploads\/citerios-2021.png 1140w\" sizes=\"(max-width: 212px) 100vw, 212px\" \/>\n                            <\/div>\n                    <\/div><div class=\"eael-entry-wrapper\"><header class=\"eael-entry-header\"><h4 class=\"eael-entry-title\"><a class=\"eael-grid-post-link\" href=\"https:\/\/web.hilo.org.pe\/index.php\/2021\/02\/15\/criterios-eticos-para-elegir-mejor-a-nuestras-autoridades-politicas-desde-una-cultura-del-cuidado\/\" title=\"CRITERIOS \u00c9TICOS PARA ELEGIR MEJOR A NUESTRAS AUTORIDADES POL\u00cdTICAS DESDE UNA CULTURA DEL CUIDADO\">CRITERIOS \u00c9TICOS PARA ELEGIR MEJOR A NUESTRAS AUTORIDADES POL\u00cdTICAS DESDE UNA CULTURA DEL CUIDADO<\/a><\/h4><\/header><div class=\"eael-entry-content\">\n                                <div class=\"eael-grid-post-excerpt\"><p>Material de Docencia C\u00edvica Elecciones 2021-2022. La \u00faltima enc\u00edclica social del Papa Francisco, Fratelli Tutti (FT), sobre la fraternidad y la amistad social es el marco dentro del cual queremos inspirarnos para proponer este material...<\/p><a href=\"https:\/\/web.hilo.org.pe\/index.php\/2021\/02\/15\/criterios-eticos-para-elegir-mejor-a-nuestras-autoridades-politicas-desde-una-cultura-del-cuidado\/\" class=\"eael-post-elements-readmore-btn\">ABRIR DOCUMENTO<\/a><\/div>\n                            <\/div><div class=\"eael-entry-header-after style-two\"><div class=\"eael-entry-meta\"><span class=\"eael-meta-posted-on\"><i class=\"far fa-clock\"><\/i><time datetime=\"15 de febrero de 2021\">15 de febrero de 2021<\/time><\/span><\/div><\/div><\/div><\/div>\n    <\/div>\n<\/article><article class=\"eael-grid-post  eael-post-grid-column eael-pg-post-1241 category-noticias-publicaciones\" data-id=\"1241\">\n    <div class=\"eael-grid-post-holder\">\n        <div class=\"eael-grid-post-holder-inner\"><div class=\"eael-entry-media\"><div class=\"eael-entry-overlay fade-in\"><i class=\"fas fa-file-pdf\" aria-hidden=\"true\"><\/i><a href=\"https:\/\/web.hilo.org.pe\/index.php\/2021\/02\/01\/memoria-del-encuentro-nacional-de-pastoral-social-10-al-12-de-marzo-de-2020\/\"target=\"_blank\"><\/a><\/div><div class=\"eael-entry-thumbnail \">\n                            <img loading=\"lazy\" decoding=\"async\" width=\"120\" height=\"170\" src=\"https:\/\/web.hilo.org.pe\/wp-content\/uploads\/0000000_informe_sistematizado_enps_2018_1-1.jpg\" class=\"attachment-medium size-medium wp-image-1069\" alt=\"\" \/>\n                            <\/div>\n                    <\/div><div class=\"eael-entry-wrapper\"><header class=\"eael-entry-header\"><h4 class=\"eael-entry-title\"><a class=\"eael-grid-post-link\" href=\"https:\/\/web.hilo.org.pe\/index.php\/2021\/02\/01\/memoria-del-encuentro-nacional-de-pastoral-social-10-al-12-de-marzo-de-2020\/\" title=\"MEMORIA DEL ENCUENTRO NACIONAL DE PASTORAL SOCIAL (10 AL 12 DE MARZO DE 2020)\">MEMORIA DEL ENCUENTRO NACIONAL DE PASTORAL SOCIAL (10 AL 12 DE MARZO DE 2020)<\/a><\/h4><\/header><div class=\"eael-entry-content\">\n                                <div class=\"eael-grid-post-excerpt\"><p>Desde la sensibilidad amaz\u00f3nica de quienes siendo in-visibilizados, nos ense\u00f1an a sentir la vida desde sus exigencias de justicia y dignidad; hemos contemplado la realidad del pa\u00eds y del mundo mismo con un entra\u00f1able llamado...<\/p><a href=\"https:\/\/web.hilo.org.pe\/index.php\/2021\/02\/01\/memoria-del-encuentro-nacional-de-pastoral-social-10-al-12-de-marzo-de-2020\/\" class=\"eael-post-elements-readmore-btn\">ABRIR DOCUMENTO<\/a><\/div>\n                            <\/div><div class=\"eael-entry-header-after style-two\"><div class=\"eael-entry-meta\"><span class=\"eael-meta-posted-on\"><i class=\"far fa-clock\"><\/i><time datetime=\"1 de febrero de 2021\">1 de febrero de 2021<\/time><\/span><\/div><\/div><\/div><\/div>\n    <\/div>\n<\/article><article class=\"eael-grid-post  eael-post-grid-column eael-pg-post-1244 category-noticias-publicaciones\" data-id=\"1244\">\n    <div class=\"eael-grid-post-holder\">\n        <div class=\"eael-grid-post-holder-inner\"><div class=\"eael-entry-media\"><div class=\"eael-entry-overlay fade-in\"><i class=\"fas fa-file-pdf\" aria-hidden=\"true\"><\/i><a href=\"https:\/\/web.hilo.org.pe\/index.php\/2020\/11\/15\/tiende-tu-mano-al-pobre\/\"target=\"_blank\"><\/a><\/div><div class=\"eael-entry-thumbnail \">\n                            <img loading=\"lazy\" decoding=\"async\" width=\"212\" height=\"300\" src=\"https:\/\/web.hilo.org.pe\/wp-content\/uploads\/tiende-212x300.png\" class=\"attachment-medium size-medium wp-image-1246\" alt=\"\" srcset=\"https:\/\/web.hilo.org.pe\/wp-content\/uploads\/tiende-212x300.png 212w, https:\/\/web.hilo.org.pe\/wp-content\/uploads\/tiende-725x1024.png 725w, https:\/\/web.hilo.org.pe\/wp-content\/uploads\/tiende-768x1085.png 768w, https:\/\/web.hilo.org.pe\/wp-content\/uploads\/tiende-1087x1536.png 1087w, https:\/\/web.hilo.org.pe\/wp-content\/uploads\/tiende.png 1140w\" sizes=\"(max-width: 212px) 100vw, 212px\" \/>\n                            <\/div>\n                    <\/div><div class=\"eael-entry-wrapper\"><header class=\"eael-entry-header\"><h4 class=\"eael-entry-title\"><a class=\"eael-grid-post-link\" href=\"https:\/\/web.hilo.org.pe\/index.php\/2020\/11\/15\/tiende-tu-mano-al-pobre\/\" title=\"TIENDE TU MANO AL POBRE\">TIENDE TU MANO AL POBRE<\/a><\/h4><\/header><div class=\"eael-entry-content\">\n                                <div class=\"eael-grid-post-excerpt\"><p>Es el tema que nos convoca en esta IV Jornada Mundial de los Pobres en la que el Papa Francisco nos invita a tender de manera permanente nuestra mano a los pobres que necesitan la...<\/p><a href=\"https:\/\/web.hilo.org.pe\/index.php\/2020\/11\/15\/tiende-tu-mano-al-pobre\/\" class=\"eael-post-elements-readmore-btn\">ABRIR DOCUMENTO<\/a><\/div>\n                            <\/div><div class=\"eael-entry-header-after style-two\"><div class=\"eael-entry-meta\"><span class=\"eael-meta-posted-on\"><i class=\"far fa-clock\"><\/i><time datetime=\"15 de noviembre de 2020\">15 de noviembre de 2020<\/time><\/span><\/div><\/div><\/div><\/div>\n    <\/div>\n<\/article><article class=\"eael-grid-post  eael-post-grid-column eael-pg-post-1259 category-noticias-publicaciones\" data-id=\"1259\">\n    <div class=\"eael-grid-post-holder\">\n        <div class=\"eael-grid-post-holder-inner\"><div class=\"eael-entry-media\"><div class=\"eael-entry-overlay fade-in\"><i class=\"fas fa-file-pdf\" aria-hidden=\"true\"><\/i><a href=\"https:\/\/web.hilo.org.pe\/index.php\/2020\/10\/05\/fratelli-tutti-la-enciclica-social-del-papa-francisco\/\"target=\"_blank\"><\/a><\/div><div class=\"eael-entry-thumbnail \">\n                            <img loading=\"lazy\" decoding=\"async\" width=\"300\" height=\"198\" src=\"https:\/\/web.hilo.org.pe\/wp-content\/uploads\/0000000_papa_francisco-1-300x198.jpeg\" class=\"attachment-medium size-medium wp-image-1036\" alt=\"\" srcset=\"https:\/\/web.hilo.org.pe\/wp-content\/uploads\/0000000_papa_francisco-1-300x198.jpeg 300w, https:\/\/web.hilo.org.pe\/wp-content\/uploads\/0000000_papa_francisco-1-1024x675.jpeg 1024w, https:\/\/web.hilo.org.pe\/wp-content\/uploads\/0000000_papa_francisco-1-768x506.jpeg 768w, https:\/\/web.hilo.org.pe\/wp-content\/uploads\/0000000_papa_francisco-1.jpeg 1280w\" sizes=\"(max-width: 300px) 100vw, 300px\" \/>\n                            <\/div>\n                    <\/div><div class=\"eael-entry-wrapper\"><header class=\"eael-entry-header\"><h4 class=\"eael-entry-title\"><a class=\"eael-grid-post-link\" href=\"https:\/\/web.hilo.org.pe\/index.php\/2020\/10\/05\/fratelli-tutti-la-enciclica-social-del-papa-francisco\/\" title=\"\u201cFRATELLI TUTTI\u201d, LA ENC\u00edCLICA SOCIAL DEL PAPA FRANCISCO\">\u201cFRATELLI TUTTI\u201d, LA ENC\u00edCLICA SOCIAL DEL PAPA FRANCISCO<\/a><\/h4><\/header><div class=\"eael-entry-content\">\n                                <div class=\"eael-grid-post-excerpt\"><p>\u201cFRATELLI TUTTI\u201d: el Papa la define como una \u201cEnc\u00edclica social\u201d que toma su t\u00edtulo de las \u201cAdmoniciones\u201d de san Francisco de As\u00eds, que us\u00f3 esas palabras \u201cpara dirigirse a todos los hermanos y las hermanas,...<\/p><a href=\"https:\/\/web.hilo.org.pe\/index.php\/2020\/10\/05\/fratelli-tutti-la-enciclica-social-del-papa-francisco\/\" class=\"eael-post-elements-readmore-btn\">ABRIR DOCUMENTO<\/a><\/div>\n                            <\/div><div class=\"eael-entry-header-after style-two\"><div class=\"eael-entry-meta\"><span class=\"eael-meta-posted-on\"><i class=\"far fa-clock\"><\/i><time datetime=\"5 de octubre de 2020\">5 de octubre de 2020<\/time><\/span><\/div><\/div><\/div><\/div>\n    <\/div>\n<\/article><\/div>\n            <div class=\"clearfix\"><\/div>\n        <\/div>            <div class=\"eael-load-more-button-wrap\">\n                <button class=\"eael-load-more-button\" id=\"eael-load-more-btn-fabb490\" data-widget-id=\"fabb490\" data-widget=\"fabb490\" data-page-id=\"231\" data-template=\"{&quot;dir&quot;:&quot;lite&quot;,&quot;file_name&quot;:&quot;two.php&quot;,&quot;name&quot;:&quot;Post-Grid&quot;}\" data-class=\"Essential_Addons_Elementor\\Elements\\Post_Grid\" data-layout=\"grid\" data-page=\"1\" data-args=\"orderby=date&amp;order=desc&amp;ignore_sticky_posts=1&amp;post_status=publish&amp;posts_per_page=8&amp;offset=0&amp;post_type=post&amp;tax_query%5B0%5D%5Btaxonomy%5D=category&amp;tax_query%5B0%5D%5Bfield%5D=term_id&amp;tax_query%5B0%5D%5Bterms%5D%5B0%5D=5&amp;tax_query%5Brelation%5D=AND\" data-max-page=\"2\">\n                    <span class=\"eael-btn-loader button__loader\"><\/span>\n                    <span class=\"eael_load_more_text\">CARGAR M\u00c1S<\/span>\n                <\/button>\n            <\/div>\n            \t\t\t\t<\/div>\n\t\t\t\t\t<\/div>\n\t\t\t\t<\/div>\n\t\t\t\t<\/div>\n\t\t","protected":false},"excerpt":{"rendered":"<p>PUBLICACIONES V JORNADA MUNDIAL DE LOS POBRES \u201cA los pobres los tienen siempre con ustedes\u201d (Mc 14, 7) Este material de reflexi\u00f3n que comparte el mensaje del Papa Francisco esperamos sea de su ayuda, no solo para enriquecer la biblioteca sino para&#8230; ABRIR DOCUMENTO 11 de noviembre de 2021 LA ESCUCHA EN LA 1A ASAMBLEA [&hellip;]<\/p>\n","protected":false},"author":1,"featured_media":0,"parent":0,"menu_order":0,"comment_status":"closed","ping_status":"closed","template":"","meta":{"footnotes":""},"class_list":["post-231","page","type-page","status-publish","hentry"],"_links":{"self":[{"href":"https:\/\/web.hilo.org.pe\/index.php\/wp-json\/wp\/v2\/pages\/231","targetHints":{"allow":["GET"]}}],"collection":[{"href":"https:\/\/web.hilo.org.pe\/index.php\/wp-json\/wp\/v2\/pages"}],"about":[{"href":"https:\/\/web.hilo.org.pe\/index.php\/wp-json\/wp\/v2\/types\/page"}],"author":[{"embeddable":true,"href":"https:\/\/web.hilo.org.pe\/index.php\/wp-json\/wp\/v2\/users\/1"}],"replies":[{"embeddable":true,"href":"https:\/\/web.hilo.org.pe\/index.php\/wp-json\/wp\/v2\/comments?post=231"}],"version-history":[{"count":115,"href":"https:\/\/web.hilo.org.pe\/index.php\/wp-json\/wp\/v2\/pages\/231\/revisions"}],"predecessor-version":[{"id":1372,"href":"https:\/\/web.hilo.org.pe\/index.php\/wp-json\/wp\/v2\/pages\/231\/revisions\/1372"}],"wp:attachment":[{"href":"https:\/\/web.hilo.org.pe\/index.php\/wp-json\/wp\/v2\/media?parent=231"}],"curies":[{"name":"wp","href":"https:\/\/api.w.org\/{rel}","templated":true}]}}